t is the tens digit of i?
2
Suppose 0 = -217*p + 215*p + 584. What is the tens digit of p?
9
Let f be 3/(81/798) + (-40)/(-90). Let b = 6 + -4. Suppose -b*r = -7*r + f. What is the units digit of r?
6
Suppose -6*m + 1102 = -2996. What is the hundreds digit of m?
6
Let i(b) = 3*b - 6*b + 2*b**3 - 16*b**2 + 9 + 4*b - b**3. Let u be i(16). Suppose -8 - u = -y. What is the units digit of y?
3
Suppose -36*d + 32*d = -1236. Suppose 0 = 2*c - c - 4*i - 56, 4*c + i - d = 0. What is the units digit of c?
6
Suppose -27*c + 112 = -31*c. Let a = c + 91. What is the tens digit of a?
6
Let i(o) be the third derivative of o**5/30 + 5*o**4/24 - 11*o**3/6 - 34*o**2. What is the hundreds digit of i(-9)?
1
Let l(a) = -a**3 - a + 1. Let b be l(0). Let g be (15/(-20))/(b/(-36)). Let v = g - 19. What is the units digit of v?
8
Let q(j) be the second derivative of j**4/12 - 2*j**3/3 + 3*j**2/2 - 3*j - 7. Suppose 10*u + x - 26 = 5*u, -2*u + x = -9. What is the units digit of q(u)?
8
Let a = 1110 + -553. What is the units digit of a?
7
Let u(o) = -55*o + 1. What is the hundreds digit of u(-33)?
8
Suppose 4*h - 718 = -2*a, -a + 430 = 5*h + 86. What is the hundreds digit of a?
3
Let w = 8 + -4. Let q = w + -2. Suppose r - 2*g - 4 = 0, -4*r - q*g + 0*g = -56. What is the units digit of r?
2
Suppose -2*f + 4*q = -1162, 4*f + q - 1796 - 555 = 0. What is the tens digit of f?
8
Let m(l) = -l**3 - 9*l**2 - 7*l + 6. Let n be m(-8). What is the units digit of (184/24)/(n/(-6))?
3
Let f(j) = -j**3 + 9*j**2 - 6*j - 5. Let a be f(8). Let w(z) = z**3 - 6*z**2 + 8. Let c be w(6). Let s = a + c. What is the units digit of s?
9
Let q(p) = -p**3 - 15*p**2 + 54*p + 53. What is the hundreds digit of q(-19)?
4
Suppose 23 = 2*m + 3*t, 3*t + 3 = 4*m + 2. Let j be ((-18)/4)/((-3)/m). What is the units digit of -3 + 3/(j/8)?
1
Let g = 3353 - 2173. What is the units digit of g?
0
Suppose 4*h + 0*h - 5*p = 31, 3*h + 4*p = 0. Suppose h*j - 7*j = -111. What is the tens digit of j?
3
Let n be 2/(-13) + 1527/39. Suppose -3*m - n = -4*m. What is the tens digit of m?
3
Let w(f) = f**3 - 11*f**2 - 17*f - 4. What is the hundreds digit of w(13)?
1
Let t(j) = -2*j**3 - 3*j**2 + 4*j - 2. Let a be t(-4). Let f = a + -10. Suppose 0 = -4*k + f + 32. What is the units digit of k?
1
Let f(a) = 79*a - 250. What is the units digit of f(20)?
0
Suppose -198 = -148*r + 151*r. Let d = -109 - -72. Let m = d - r. What is the units digit of m?
9
Let d be 370/(-34) - 4/34. Let y(p) = 3*p**2 + 13*p + 9. What is the tens digit of y(d)?
2
Suppose -6*w - 3*w = 90. What is the units digit of 0 - -206 - (8 + w)?
8
Suppose -4*h + 0*h - 2*u = -98, 130 = 5*h - 5*u. Suppose 77 = 3*x - h. What is the units digit of x?
4
What is the thousands digit of 3/(39/2) - (-140856)/78?
1
Let r = 439 - 910. Let z = -36 - r. What is the tens digit of 2/(-13) + z/39?
1
Let n = -205 - -349. What is the hundreds digit of n?
1
Suppose 4*w - w + 3*q = 102, 3*w = q + 94. Let d = w - -42. What is the units digit of d?
4
Suppose 2*x - 5*x = 5*t - 84, -10 = 5*x. Suppose 6*j - 9*j = -t. What is the tens digit of (-20)/((j/3)/(-4))?
4
Suppose -3*x = -4*z - 21, 3*z - 4 = x - 11. Let n = -1 + x. Let g(u) = 3*u + 1. What is the tens digit of g(n)?
1
Suppose -12 = 4*l, 4*m - l = -m + 393. Let w = 159 - m. What is the tens digit of w?
8
Let s = -15 - -20. Suppose 0 = 3*w + 5*d - 9, 2*w + 9 = s*w + 2*d. Suppose -4*o = -4, -w*n = -5*n - o + 87. What is the units digit of n?
3
Suppose 4*t = 2*c - 16, 4*c + 3*t - t = -8. What is the tens digit of (c - 1) + 2 - -115?
1
Suppose g + 100 = 5*g. Suppose 3*t - g = -10. Let k(c) = -3*c + 22. What is the units digit of k(t)?
7
What is the tens digit of 9074/12 + -1 + (-70)/420?
5
Let c(h) = -h**3 + 12*h**2 + 10*h - 58. Let u be c(11). Let t(w) = -3*w**2 + 6*w + 5. Let l be t(-5). Let y = l + u. What is the tens digit of y?
7
Let r = 30 - -116. Suppose -i + 5*i + 20 = 0, 2*j = -4*i + r. Suppose 12 + j = 5*l. What is the tens digit of l?
1
Let r = 2017 - -489. What is the thousands digit of r?
2
Let u(h) = h**3 - 5*h**2 + 2*h + 15. Let g be u(7). Suppose 5*r + 4*n = g, 2*n = 4*r + 29 - 115. What is the units digit of r?
3
Let s(x) = -11*x + 4*x**2 + 2*x**3 - 10 - x**3 - 4*x + 18. What is the units digit of s(-6)?
6
Let r(c) = 15*c + 465. What is the hundreds digit of r(10)?
6
Suppose 0 = x - 2*u - 96, -x + 6*u + 108 = u. Suppose -3*p + x = -p. What is the tens digit of p?
4
Let a(d) = 3*d**2 - 1. Let q be a(-1). Let w(h) = -5 - h**q - 6*h**2 + 7*h + 8*h**2. What is the tens digit of w(5)?
5
What is the thousands digit of (54/8)/((-18)/(-6792))?
2
Suppose l = -2*o - 2, 2*l + 5*o = l - 14. Suppose -l*v + 2 = -5*v. Suppose v*u = 8 + 24. What is the tens digit of u?
1
Let u be ((-300)/(-3))/4 - -4. Let j = u + -11. What is the units digit of j?
8
Suppose 0 = -5*l + u, -l + u = 2*u. Suppose 15*q - 12*q - 9 = l. Let c = q + 11. What is the tens digit of c?
1
Suppose 6*j = 8*j - 164. Suppose -108*l = -107*l - j. What is the tens digit of l?
8
Suppose 6*o - 2*o = -556. Let b = 225 + o. Let f = b + -50. What is the units digit of f?
6
Suppose 0*t + 2*m = -5*t + 29, -3*m - 14 = -4*t. Suppose t*k + 2 - 287 = 0. What is the units digit of k?
7
Let s(m) be the third derivative of m**5/30 + 5*m**3/3 + 10*m**2. Let o be s(0). What is the units digit of (-546)/(-9) - o/15?
0
Let l(s) be the third derivative of -1/60*s**5 + 0*s + 2*s**2 + 0 + s**3 + 5/8*s**4. What is the tens digit of l(14)?
2
Suppose 2*b + 2912 = 3*v, -3*v + 5*v - 3*b - 1943 = 0. What is the hundreds digit of v?
9
Let h = -34 + 24. Let g(p) = p**3 + 11*p**2 + 10*p + 5. Let s be g(h). Let l = s + -2. What is the units digit of l?
3
Let q = 5 + -3. Suppose 5*h = 3*n + q*h - 24, -4*h = -2*n + 26. Suppose -m = 3*d - 196, -d - d + n*m = -127. What is the tens digit of d?
6
Let b(a) = -23 - 19*a + 2 - 2 - 3. What is the tens digit of b(-9)?
4
Let f(i) = -181*i - 834. What is the tens digit of f(-12)?
3
Let n = 15762 + -10281. What is the hundreds digit of n?
4
Let g = -962 + 2561. What is the tens digit of g?
9
Suppose 0 = -5*h - 4*z + 656 + 1939, 2550 = 5*h - 5*z. Suppose -4*r + 305 = -h. What is the tens digit of r?
0
Let y be 2/6 + 188/12. Let d(q) = y + 11 - 6 - 8*q. What is the units digit of d(-7)?
7
Let q(f) = -3*f - 6*f**2 + 0*f**2 + 17*f**2. Let x be q(-3). Suppose 4*r = 3*z + x, 2*z = 5*r - 28 - 107. What is the tens digit of r?
2
Let b be 4/3 - (-2)/3. Let o = 292 - 200. Suppose 4*y = 5*r - o, 0*y + b*y = -2*r + 44. What is the tens digit of r?
2
Let m(c) = 2*c**2 + 20*c - 34. What is the units digit of m(-25)?
6
Suppose 3*g = -2*p + 4, g + 10 = 6*g + 5*p. Let t = 69 + -69. Suppose -2*x - 38 = -4*h - t*x, h - x - 10 = g. What is the units digit of h?
9
Let x = 4 - 0. Suppose -x*u = 4*a - 24, u + 6 = a + 4*a. Suppose 0*l - 20 = -u*l. What is the units digit of l?
5
Suppose -3*k + 28 = 5*f - 60, k = 2*f + 44. Let u = 162 + -141. Let j = k - u. What is the tens digit of j?
1
Let o be 0/(-1) - (1 + (-5 - 2)). Suppose -o*u + 122 = -5*u. What is the hundreds digit of u?
1
Let g(j) = -j**3 - 5*j**2 - j - 5. Let m be g(-5). Suppose -c + 6 = -m. What is the units digit of c?
6
What is the units digit of ((-216)/10)/(6*9/(-1215))?
6
Let q = 50 - 38. Let a = 15 - q. What is the units digit of a?
3
Let v(f) = -f**2 - 5*f + 4. Let q be v(-5). Let z be 3/15 - (-51)/(-5). What is the units digit of (-2)/q - 225/z?
2
Suppose 11*v - 20047 - 18112 = 0. What is the units digit of v?
9
What is the units digit of (-76646)/(-95) + (-1)/(-5)?
7
What is the hundreds digit of 2*((-3)/9 - (-132909)/126)?
1
Let n = -4043 + 6745. What is the units digit of n?
2
Let k(z) be the first derivative of -z**4/4 + 13*z**3/3 + 8*z**2 + 20*z - 19. What is the tens digit of k(14)?
4
Suppose -5*s + 21330 = 5*s. Suppose -107 = -8*f + s. What is the hundreds digit of f?
2
Let q(t) = 1 + 11*t + t - 1 + 6. Let r be q(8). What is the tens digit of (-5)/(-10)*(r + -2)?
5
Let s(p) = -6 - 4*p - 4*p**3 + 6*p**2 + 4 + 7*p**2. Let f(h) = -h**3 + h**2 + h. Let k(i) = -3*f(i) + s(i). What is the tens digit of k(9)?
1
Let y be (50/3)/(2/6). What is the units digit of (80/y)/(2*(-1)/(-80))?
4
Let s be (-10)/(-25) + 24/15. Suppose s*l - 28 + 6 = 0. What is the units digit of l?
1
Let c = -1331 - -2831. What is the te